{"id":3041,"date":"2025-11-22T22:15:19","date_gmt":"2025-11-22T22:15:19","guid":{"rendered":"https:\/\/perlya-bijoux.com\/?post_type=product&#038;p=3041"},"modified":"2026-01-14T17:01:32","modified_gmt":"2026-01-14T17:01:32","slug":"collier-eclat-dazur","status":"publish","type":"product","link":"https:\/\/perlya-bijoux.com\/index.php\/product\/collier-eclat-dazur\/","title":{"rendered":"Collier Eclat d&#8217;azur"},"content":{"rendered":"<p>Le collier <em>\u00c9clat d\u2019Azur<\/em> se d\u00e9voile comme une cr\u00e9ation d\u2019une douceur exceptionnelle.<\/p>\n<p>Mont\u00e9 sur une cha\u00eene dor\u00e9e d\u00e9licate, il repose avec l\u00e9g\u00e8ret\u00e9 au creux du cou, sublimant naturellement le port de t\u00eate.<\/p>\n<p>Chaque d\u00e9tail a \u00e9t\u00e9 pens\u00e9 pour apporter \u00e9l\u00e9gance, harmonie et \u00e9clat : la finesse des mat\u00e9riaux, le contraste des couleurs, la luminosit\u00e9 subtile du dor\u00e9. Ce collier est le compagnon id\u00e9al pour apporter une touche pr\u00e9cieuse \u00e0 une tenue, qu\u2019elle soit simple ou sophistiqu\u00e9e.<\/p>\n<p>Il apporte une aura de douceur, de fra\u00eecheur et de f\u00e9minit\u00e9, et devient rapidement une pi\u00e8ce essentielle dans une collection de bijoux.<\/p>\n<p>Un mod\u00e8le unique, con\u00e7u pour r\u00e9v\u00e9ler et magnifier la beaut\u00e9 de celle qui le porte.<\/p>\n<p>longueur: 45 cm + 2 cm rallonge<\/p>\n<p>&nbsp;<\/p>\n<p>&nbsp;<\/p>\n","protected":false},"excerpt":{"rendered":"<p>Le collier \u00c9clat d\u2019Azur est une pi\u00e8ce lumineuse, d\u00e9licatement travaill\u00e9e pour sublimer le port de t\u00eate.<\/p>\n<p>Son motif central, \u00e9l\u00e9gant et unique, cr\u00e9e un \u00e9quilibre parfait entre douceur et sophistication.<\/p>\n<p>Un bijou qui apporte imm\u00e9diatement une touche sublime \u00e0 toute tenue.<\/p>\n","protected":false},"featured_media":3022,"comment_status":"open","ping_status":"closed","template":"","meta":[],"product_brand":[],"product_cat":[64,53,85,93],"product_tag":[],"class_list":{"0":"post-3041","1":"product","2":"type-product","3":"status-publish","4":"has-post-thumbnail","6":"product_cat-bijoux","7":"product_cat-bijoux-mariee","8":"product_cat-colliers","9":"product_cat-colliers-mariee","11":"first","12":"instock","13":"shipping-taxable","14":"purchasable","15":"product-type-simple"},"yoast_head":"<!-- This site is optimized with the Yoast SEO plugin v26.9 - https:\/\/yoast.com\/product\/yoast-seo-wordpress\/ -->\n<title>Collier Eclat d&#039;azur - Perlya<\/title>\n<meta name=\"robots\" content=\"index, follow, max-snippet:-1, max-image-preview:large, max-video-preview:-1\" \/>\n<link rel=\"canonical\" href=\"https:\/\/perlya-bijoux.com\/index.php\/product\/collier-eclat-dazur\/\" \/>\n<meta property=\"og:locale\" content=\"fr_FR\" \/>\n<meta property=\"og:type\" content=\"article\" \/>\n<meta property=\"og:title\" content=\"Collier Eclat d&#039;azur - Perlya\" \/>\n<meta property=\"og:description\" content=\"Le collier \u00c9clat d\u2019Azur est une pi\u00e8ce lumineuse, d\u00e9licatement travaill\u00e9e pour sublimer le port de t\u00eate.  Son motif central, \u00e9l\u00e9gant et unique, cr\u00e9e un \u00e9quilibre parfait entre douceur et sophistication.  Un bijou qui apporte imm\u00e9diatement une touche sublime \u00e0 toute tenue.\" \/>\n<meta property=\"og:url\" content=\"https:\/\/perlya-bijoux.com\/index.php\/product\/collier-eclat-dazur\/\" \/>\n<meta property=\"og:site_name\" content=\"Perlya\" \/>\n<meta property=\"article:modified_time\" content=\"2026-01-14T17:01:32+00:00\" \/>\n<meta property=\"og:image\" content=\"http:\/\/perlya-bijoux.com\/wp-content\/uploads\/2025\/11\/IMG_20251015_190901-scaled.jpg\" \/>\n\t<meta property=\"og:image:width\" content=\"1920\" \/>\n\t<meta property=\"og:image:height\" content=\"2560\" \/>\n\t<meta property=\"og:image:type\" content=\"image\/jpeg\" \/>\n<meta name=\"twitter:card\" content=\"summary_large_image\" \/>\n<meta name=\"twitter:label1\" content=\"Dur\u00e9e de lecture estim\u00e9e\" \/>\n\t<meta name=\"twitter:data1\" content=\"1 minute\" \/>\n<script type=\"application\/ld+json\" class=\"yoast-schema-graph\">{\"@context\":\"https:\/\/schema.org\",\"@graph\":[{\"@type\":\"WebPage\",\"@id\":\"https:\/\/perlya-bijoux.com\/index.php\/product\/collier-eclat-dazur\/\",\"url\":\"https:\/\/perlya-bijoux.com\/index.php\/product\/collier-eclat-dazur\/\",\"name\":\"Collier Eclat d'azur - Perlya\",\"isPartOf\":{\"@id\":\"https:\/\/perlya-bijoux.com\/#website\"},\"primaryImageOfPage\":{\"@id\":\"https:\/\/perlya-bijoux.com\/index.php\/product\/collier-eclat-dazur\/#primaryimage\"},\"image\":{\"@id\":\"https:\/\/perlya-bijoux.com\/index.php\/product\/collier-eclat-dazur\/#primaryimage\"},\"thumbnailUrl\":\"https:\/\/perlya-bijoux.com\/wp-content\/uploads\/2025\/11\/IMG_20251015_190901-scaled.jpg\",\"datePublished\":\"2025-11-22T22:15:19+00:00\",\"dateModified\":\"2026-01-14T17:01:32+00:00\",\"breadcrumb\":{\"@id\":\"https:\/\/perlya-bijoux.com\/index.php\/product\/collier-eclat-dazur\/#breadcrumb\"},\"inLanguage\":\"fr-FR\",\"potentialAction\":[{\"@type\":\"ReadAction\",\"target\":[\"https:\/\/perlya-bijoux.com\/index.php\/product\/collier-eclat-dazur\/\"]}]},{\"@type\":\"ImageObject\",\"inLanguage\":\"fr-FR\",\"@id\":\"https:\/\/perlya-bijoux.com\/index.php\/product\/collier-eclat-dazur\/#primaryimage\",\"url\":\"https:\/\/perlya-bijoux.com\/wp-content\/uploads\/2025\/11\/IMG_20251015_190901-scaled.jpg\",\"contentUrl\":\"https:\/\/perlya-bijoux.com\/wp-content\/uploads\/2025\/11\/IMG_20251015_190901-scaled.jpg\",\"width\":1920,\"height\":2560},{\"@type\":\"BreadcrumbList\",\"@id\":\"https:\/\/perlya-bijoux.com\/index.php\/product\/collier-eclat-dazur\/#breadcrumb\",\"itemListElement\":[{\"@type\":\"ListItem\",\"position\":1,\"name\":\"Accueil\",\"item\":\"https:\/\/perlya-bijoux.com\/\"},{\"@type\":\"ListItem\",\"position\":2,\"name\":\"Boutique\",\"item\":\"https:\/\/perlya-bijoux.com\/index.php\/boutique\/\"},{\"@type\":\"ListItem\",\"position\":3,\"name\":\"Collier Eclat d&#8217;azur\"}]},{\"@type\":\"WebSite\",\"@id\":\"https:\/\/perlya-bijoux.com\/#website\",\"url\":\"https:\/\/perlya-bijoux.com\/\",\"name\":\"Perlya\",\"description\":\"\",\"potentialAction\":[{\"@type\":\"SearchAction\",\"target\":{\"@type\":\"EntryPoint\",\"urlTemplate\":\"https:\/\/perlya-bijoux.com\/?s={search_term_string}\"},\"query-input\":{\"@type\":\"PropertyValueSpecification\",\"valueRequired\":true,\"valueName\":\"search_term_string\"}}],\"inLanguage\":\"fr-FR\"}]}<\/script>\n<!-- \/ Yoast SEO plugin. -->","yoast_head_json":{"title":"Collier Eclat d'azur - Perlya","robots":{"index":"index","follow":"follow","max-snippet":"max-snippet:-1","max-image-preview":"max-image-preview:large","max-video-preview":"max-video-preview:-1"},"canonical":"https:\/\/perlya-bijoux.com\/index.php\/product\/collier-eclat-dazur\/","og_locale":"fr_FR","og_type":"article","og_title":"Collier Eclat d'azur - Perlya","og_description":"Le collier \u00c9clat d\u2019Azur est une pi\u00e8ce lumineuse, d\u00e9licatement travaill\u00e9e pour sublimer le port de t\u00eate.  Son motif central, \u00e9l\u00e9gant et unique, cr\u00e9e un \u00e9quilibre parfait entre douceur et sophistication.  Un bijou qui apporte imm\u00e9diatement une touche sublime \u00e0 toute tenue.","og_url":"https:\/\/perlya-bijoux.com\/index.php\/product\/collier-eclat-dazur\/","og_site_name":"Perlya","article_modified_time":"2026-01-14T17:01:32+00:00","og_image":[{"width":1920,"height":2560,"url":"http:\/\/perlya-bijoux.com\/wp-content\/uploads\/2025\/11\/IMG_20251015_190901-scaled.jpg","type":"image\/jpeg"}],"twitter_card":"summary_large_image","twitter_misc":{"Dur\u00e9e de lecture estim\u00e9e":"1 minute"},"schema":{"@context":"https:\/\/schema.org","@graph":[{"@type":"WebPage","@id":"https:\/\/perlya-bijoux.com\/index.php\/product\/collier-eclat-dazur\/","url":"https:\/\/perlya-bijoux.com\/index.php\/product\/collier-eclat-dazur\/","name":"Collier Eclat d'azur - Perlya","isPartOf":{"@id":"https:\/\/perlya-bijoux.com\/#website"},"primaryImageOfPage":{"@id":"https:\/\/perlya-bijoux.com\/index.php\/product\/collier-eclat-dazur\/#primaryimage"},"image":{"@id":"https:\/\/perlya-bijoux.com\/index.php\/product\/collier-eclat-dazur\/#primaryimage"},"thumbnailUrl":"https:\/\/perlya-bijoux.com\/wp-content\/uploads\/2025\/11\/IMG_20251015_190901-scaled.jpg","datePublished":"2025-11-22T22:15:19+00:00","dateModified":"2026-01-14T17:01:32+00:00","breadcrumb":{"@id":"https:\/\/perlya-bijoux.com\/index.php\/product\/collier-eclat-dazur\/#breadcrumb"},"inLanguage":"fr-FR","potentialAction":[{"@type":"ReadAction","target":["https:\/\/perlya-bijoux.com\/index.php\/product\/collier-eclat-dazur\/"]}]},{"@type":"ImageObject","inLanguage":"fr-FR","@id":"https:\/\/perlya-bijoux.com\/index.php\/product\/collier-eclat-dazur\/#primaryimage","url":"https:\/\/perlya-bijoux.com\/wp-content\/uploads\/2025\/11\/IMG_20251015_190901-scaled.jpg","contentUrl":"https:\/\/perlya-bijoux.com\/wp-content\/uploads\/2025\/11\/IMG_20251015_190901-scaled.jpg","width":1920,"height":2560},{"@type":"BreadcrumbList","@id":"https:\/\/perlya-bijoux.com\/index.php\/product\/collier-eclat-dazur\/#breadcrumb","itemListElement":[{"@type":"ListItem","position":1,"name":"Accueil","item":"https:\/\/perlya-bijoux.com\/"},{"@type":"ListItem","position":2,"name":"Boutique","item":"https:\/\/perlya-bijoux.com\/index.php\/boutique\/"},{"@type":"ListItem","position":3,"name":"Collier Eclat d&#8217;azur"}]},{"@type":"WebSite","@id":"https:\/\/perlya-bijoux.com\/#website","url":"https:\/\/perlya-bijoux.com\/","name":"Perlya","description":"","potentialAction":[{"@type":"SearchAction","target":{"@type":"EntryPoint","urlTemplate":"https:\/\/perlya-bijoux.com\/?s={search_term_string}"},"query-input":{"@type":"PropertyValueSpecification","valueRequired":true,"valueName":"search_term_string"}}],"inLanguage":"fr-FR"}]}},"_links":{"self":[{"href":"https:\/\/perlya-bijoux.com\/index.php\/wp-json\/wp\/v2\/product\/3041","targetHints":{"allow":["GET"]}}],"collection":[{"href":"https:\/\/perlya-bijoux.com\/index.php\/wp-json\/wp\/v2\/product"}],"about":[{"href":"https:\/\/perlya-bijoux.com\/index.php\/wp-json\/wp\/v2\/types\/product"}],"replies":[{"embeddable":true,"href":"https:\/\/perlya-bijoux.com\/index.php\/wp-json\/wp\/v2\/comments?post=3041"}],"wp:featuredmedia":[{"embeddable":true,"href":"https:\/\/perlya-bijoux.com\/index.php\/wp-json\/wp\/v2\/media\/3022"}],"wp:attachment":[{"href":"https:\/\/perlya-bijoux.com\/index.php\/wp-json\/wp\/v2\/media?parent=3041"}],"wp:term":[{"taxonomy":"product_brand","embeddable":true,"href":"https:\/\/perlya-bijoux.com\/index.php\/wp-json\/wp\/v2\/product_brand?post=3041"},{"taxonomy":"product_cat","embeddable":true,"href":"https:\/\/perlya-bijoux.com\/index.php\/wp-json\/wp\/v2\/product_cat?post=3041"},{"taxonomy":"product_tag","embeddable":true,"href":"https:\/\/perlya-bijoux.com\/index.php\/wp-json\/wp\/v2\/product_tag?post=3041"}],"curies":[{"name":"wp","href":"https:\/\/api.w.org\/{rel}","templated":true}]}}