{"id":3174,"date":"2026-01-02T15:52:48","date_gmt":"2026-01-02T15:52:48","guid":{"rendered":"https:\/\/perlya-bijoux.com\/?post_type=product&#038;p=3174"},"modified":"2026-02-06T15:19:18","modified_gmt":"2026-02-06T15:19:18","slug":"collier-vague-perlee","status":"publish","type":"product","link":"https:\/\/perlya-bijoux.com\/index.php\/product\/collier-vague-perlee\/","title":{"rendered":"Collier vague perl\u00e9e"},"content":{"rendered":"<p>Laissez-vous charmer par la po\u00e9sie du collier\u00a0<strong>Vigne Perl\u00e9e<\/strong>, une pi\u00e8ce ma\u00eetresse de notre collection\u00a0<strong>fait main<\/strong>.<\/p>\n<p>Con\u00e7u avec soin, il allie la durabilit\u00e9 de l&#8217;<strong>acier inoxydable<\/strong>\u00a0\u00e0 la souplesse du\u00a0<strong>fil de cuivre dor\u00e9 hypoallerg\u00e9nique<\/strong>, dessinant une vigne pr\u00e9cieuse orn\u00e9e de perles blanches.<\/p>\n<p>Ce bijou\u00a0<strong>artisanal<\/strong>\u00a0et\u00a0<strong>unique<\/strong>\u00a0peut \u00eatre r\u00e9alis\u00e9\u00a0<strong>sur mesure<\/strong>\u00a0pour s&#8217;adapter parfaitement \u00e0 votre d\u00e9collet\u00e9 et apporter cette note\u00a0<strong>boh\u00e8me chic<\/strong>\u00a0qui fera toute la diff\u00e9rence pour votre \u00e9v\u00e9nement.<\/p>\n","protected":false},"excerpt":{"rendered":"<p>Le collier\u00a0<strong>Vague Perl\u00e9e<\/strong>\u00a0est une cr\u00e9ation\u00a0<strong>artisanale<\/strong>\u00a0d\u00e9licate en acier inoxydable et perles blanches.<\/p>\n<p><strong>Fait main<\/strong>\u00a0et\u00a0<strong>unique<\/strong>, il est l&#8217;accessoire id\u00e9al pour\u00a0<strong>sublimer une robe<\/strong>\u00a0de mari\u00e9e ou de soir\u00e9e avec \u00e9l\u00e9gance.<\/p>\n","protected":false},"featured_media":3176,"comment_status":"open","ping_status":"closed","template":"","meta":[],"product_brand":[],"product_cat":[53,93],"product_tag":[],"class_list":{"0":"post-3174","1":"product","2":"type-product","3":"status-publish","4":"has-post-thumbnail","6":"product_cat-bijoux-mariee","7":"product_cat-colliers-mariee","9":"first","10":"instock","11":"shipping-taxable","12":"purchasable","13":"product-type-simple"},"yoast_head":"<!-- This site is optimized with the Yoast SEO plugin v26.9 - https:\/\/yoast.com\/product\/yoast-seo-wordpress\/ -->\n<title>Collier vague perl\u00e9e - Perlya<\/title>\n<meta name=\"description\" content=\"Sublimez votre robe avec le collier vigne perl\u00e9e, un bijou unique, fait main et artisanal au style boh\u00e8me chic. perles blanches et acier inoxydable\" \/>\n<meta name=\"robots\" content=\"index, follow, max-snippet:-1, max-image-preview:large, max-video-preview:-1\" \/>\n<link rel=\"canonical\" href=\"https:\/\/perlya-bijoux.com\/index.php\/product\/collier-vague-perlee\/\" \/>\n<meta property=\"og:locale\" content=\"fr_FR\" \/>\n<meta property=\"og:type\" content=\"article\" \/>\n<meta property=\"og:title\" content=\"Collier vague perl\u00e9e - Perlya\" \/>\n<meta property=\"og:description\" content=\"Sublimez votre robe avec le collier vigne perl\u00e9e, un bijou unique, fait main et artisanal au style boh\u00e8me chic. perles blanches et acier inoxydable\" \/>\n<meta property=\"og:url\" content=\"https:\/\/perlya-bijoux.com\/index.php\/product\/collier-vague-perlee\/\" \/>\n<meta property=\"og:site_name\" content=\"Perlya\" \/>\n<meta property=\"article:modified_time\" content=\"2026-02-06T15:19:18+00:00\" \/>\n<meta property=\"og:image\" content=\"http:\/\/perlya-bijoux.com\/wp-content\/uploads\/2026\/01\/coller-vague-perlee-et-boucles-petales-perlees-1-scaled.jpg\" \/>\n\t<meta property=\"og:image:width\" content=\"2560\" \/>\n\t<meta property=\"og:image:height\" content=\"2560\" \/>\n\t<meta property=\"og:image:type\" content=\"image\/jpeg\" \/>\n<meta name=\"twitter:card\" content=\"summary_large_image\" \/>\n<meta name=\"twitter:label1\" content=\"Dur\u00e9e de lecture estim\u00e9e\" \/>\n\t<meta name=\"twitter:data1\" content=\"1 minute\" \/>\n<script type=\"application\/ld+json\" class=\"yoast-schema-graph\">{\"@context\":\"https:\/\/schema.org\",\"@graph\":[{\"@type\":\"WebPage\",\"@id\":\"https:\/\/perlya-bijoux.com\/index.php\/product\/collier-vague-perlee\/\",\"url\":\"https:\/\/perlya-bijoux.com\/index.php\/product\/collier-vague-perlee\/\",\"name\":\"Collier vague perl\u00e9e - Perlya\",\"isPartOf\":{\"@id\":\"https:\/\/perlya-bijoux.com\/#website\"},\"primaryImageOfPage\":{\"@id\":\"https:\/\/perlya-bijoux.com\/index.php\/product\/collier-vague-perlee\/#primaryimage\"},\"image\":{\"@id\":\"https:\/\/perlya-bijoux.com\/index.php\/product\/collier-vague-perlee\/#primaryimage\"},\"thumbnailUrl\":\"https:\/\/perlya-bijoux.com\/wp-content\/uploads\/2026\/01\/coller-vague-perlee-et-boucles-petales-perlees-1-scaled.jpg\",\"datePublished\":\"2026-01-02T15:52:48+00:00\",\"dateModified\":\"2026-02-06T15:19:18+00:00\",\"description\":\"Sublimez votre robe avec le collier vigne perl\u00e9e, un bijou unique, fait main et artisanal au style boh\u00e8me chic. perles blanches et acier inoxydable\",\"breadcrumb\":{\"@id\":\"https:\/\/perlya-bijoux.com\/index.php\/product\/collier-vague-perlee\/#breadcrumb\"},\"inLanguage\":\"fr-FR\",\"potentialAction\":[{\"@type\":\"ReadAction\",\"target\":[\"https:\/\/perlya-bijoux.com\/index.php\/product\/collier-vague-perlee\/\"]}]},{\"@type\":\"ImageObject\",\"inLanguage\":\"fr-FR\",\"@id\":\"https:\/\/perlya-bijoux.com\/index.php\/product\/collier-vague-perlee\/#primaryimage\",\"url\":\"https:\/\/perlya-bijoux.com\/wp-content\/uploads\/2026\/01\/coller-vague-perlee-et-boucles-petales-perlees-1-scaled.jpg\",\"contentUrl\":\"https:\/\/perlya-bijoux.com\/wp-content\/uploads\/2026\/01\/coller-vague-perlee-et-boucles-petales-perlees-1-scaled.jpg\",\"width\":2560,\"height\":2560},{\"@type\":\"BreadcrumbList\",\"@id\":\"https:\/\/perlya-bijoux.com\/index.php\/product\/collier-vague-perlee\/#breadcrumb\",\"itemListElement\":[{\"@type\":\"ListItem\",\"position\":1,\"name\":\"Accueil\",\"item\":\"https:\/\/perlya-bijoux.com\/\"},{\"@type\":\"ListItem\",\"position\":2,\"name\":\"Boutique\",\"item\":\"https:\/\/perlya-bijoux.com\/index.php\/boutique\/\"},{\"@type\":\"ListItem\",\"position\":3,\"name\":\"Collier vague perl\u00e9e\"}]},{\"@type\":\"WebSite\",\"@id\":\"https:\/\/perlya-bijoux.com\/#website\",\"url\":\"https:\/\/perlya-bijoux.com\/\",\"name\":\"Perlya\",\"description\":\"\",\"potentialAction\":[{\"@type\":\"SearchAction\",\"target\":{\"@type\":\"EntryPoint\",\"urlTemplate\":\"https:\/\/perlya-bijoux.com\/?s={search_term_string}\"},\"query-input\":{\"@type\":\"PropertyValueSpecification\",\"valueRequired\":true,\"valueName\":\"search_term_string\"}}],\"inLanguage\":\"fr-FR\"}]}<\/script>\n<!-- \/ Yoast SEO plugin. -->","yoast_head_json":{"title":"Collier vague perl\u00e9e - Perlya","description":"Sublimez votre robe avec le collier vigne perl\u00e9e, un bijou unique, fait main et artisanal au style boh\u00e8me chic. perles blanches et acier inoxydable","robots":{"index":"index","follow":"follow","max-snippet":"max-snippet:-1","max-image-preview":"max-image-preview:large","max-video-preview":"max-video-preview:-1"},"canonical":"https:\/\/perlya-bijoux.com\/index.php\/product\/collier-vague-perlee\/","og_locale":"fr_FR","og_type":"article","og_title":"Collier vague perl\u00e9e - Perlya","og_description":"Sublimez votre robe avec le collier vigne perl\u00e9e, un bijou unique, fait main et artisanal au style boh\u00e8me chic. perles blanches et acier inoxydable","og_url":"https:\/\/perlya-bijoux.com\/index.php\/product\/collier-vague-perlee\/","og_site_name":"Perlya","article_modified_time":"2026-02-06T15:19:18+00:00","og_image":[{"width":2560,"height":2560,"url":"http:\/\/perlya-bijoux.com\/wp-content\/uploads\/2026\/01\/coller-vague-perlee-et-boucles-petales-perlees-1-scaled.jpg","type":"image\/jpeg"}],"twitter_card":"summary_large_image","twitter_misc":{"Dur\u00e9e de lecture estim\u00e9e":"1 minute"},"schema":{"@context":"https:\/\/schema.org","@graph":[{"@type":"WebPage","@id":"https:\/\/perlya-bijoux.com\/index.php\/product\/collier-vague-perlee\/","url":"https:\/\/perlya-bijoux.com\/index.php\/product\/collier-vague-perlee\/","name":"Collier vague perl\u00e9e - Perlya","isPartOf":{"@id":"https:\/\/perlya-bijoux.com\/#website"},"primaryImageOfPage":{"@id":"https:\/\/perlya-bijoux.com\/index.php\/product\/collier-vague-perlee\/#primaryimage"},"image":{"@id":"https:\/\/perlya-bijoux.com\/index.php\/product\/collier-vague-perlee\/#primaryimage"},"thumbnailUrl":"https:\/\/perlya-bijoux.com\/wp-content\/uploads\/2026\/01\/coller-vague-perlee-et-boucles-petales-perlees-1-scaled.jpg","datePublished":"2026-01-02T15:52:48+00:00","dateModified":"2026-02-06T15:19:18+00:00","description":"Sublimez votre robe avec le collier vigne perl\u00e9e, un bijou unique, fait main et artisanal au style boh\u00e8me chic. perles blanches et acier inoxydable","breadcrumb":{"@id":"https:\/\/perlya-bijoux.com\/index.php\/product\/collier-vague-perlee\/#breadcrumb"},"inLanguage":"fr-FR","potentialAction":[{"@type":"ReadAction","target":["https:\/\/perlya-bijoux.com\/index.php\/product\/collier-vague-perlee\/"]}]},{"@type":"ImageObject","inLanguage":"fr-FR","@id":"https:\/\/perlya-bijoux.com\/index.php\/product\/collier-vague-perlee\/#primaryimage","url":"https:\/\/perlya-bijoux.com\/wp-content\/uploads\/2026\/01\/coller-vague-perlee-et-boucles-petales-perlees-1-scaled.jpg","contentUrl":"https:\/\/perlya-bijoux.com\/wp-content\/uploads\/2026\/01\/coller-vague-perlee-et-boucles-petales-perlees-1-scaled.jpg","width":2560,"height":2560},{"@type":"BreadcrumbList","@id":"https:\/\/perlya-bijoux.com\/index.php\/product\/collier-vague-perlee\/#breadcrumb","itemListElement":[{"@type":"ListItem","position":1,"name":"Accueil","item":"https:\/\/perlya-bijoux.com\/"},{"@type":"ListItem","position":2,"name":"Boutique","item":"https:\/\/perlya-bijoux.com\/index.php\/boutique\/"},{"@type":"ListItem","position":3,"name":"Collier vague perl\u00e9e"}]},{"@type":"WebSite","@id":"https:\/\/perlya-bijoux.com\/#website","url":"https:\/\/perlya-bijoux.com\/","name":"Perlya","description":"","potentialAction":[{"@type":"SearchAction","target":{"@type":"EntryPoint","urlTemplate":"https:\/\/perlya-bijoux.com\/?s={search_term_string}"},"query-input":{"@type":"PropertyValueSpecification","valueRequired":true,"valueName":"search_term_string"}}],"inLanguage":"fr-FR"}]}},"_links":{"self":[{"href":"https:\/\/perlya-bijoux.com\/index.php\/wp-json\/wp\/v2\/product\/3174","targetHints":{"allow":["GET"]}}],"collection":[{"href":"https:\/\/perlya-bijoux.com\/index.php\/wp-json\/wp\/v2\/product"}],"about":[{"href":"https:\/\/perlya-bijoux.com\/index.php\/wp-json\/wp\/v2\/types\/product"}],"replies":[{"embeddable":true,"href":"https:\/\/perlya-bijoux.com\/index.php\/wp-json\/wp\/v2\/comments?post=3174"}],"wp:featuredmedia":[{"embeddable":true,"href":"https:\/\/perlya-bijoux.com\/index.php\/wp-json\/wp\/v2\/media\/3176"}],"wp:attachment":[{"href":"https:\/\/perlya-bijoux.com\/index.php\/wp-json\/wp\/v2\/media?parent=3174"}],"wp:term":[{"taxonomy":"product_brand","embeddable":true,"href":"https:\/\/perlya-bijoux.com\/index.php\/wp-json\/wp\/v2\/product_brand?post=3174"},{"taxonomy":"product_cat","embeddable":true,"href":"https:\/\/perlya-bijoux.com\/index.php\/wp-json\/wp\/v2\/product_cat?post=3174"},{"taxonomy":"product_tag","embeddable":true,"href":"https:\/\/perlya-bijoux.com\/index.php\/wp-json\/wp\/v2\/product_tag?post=3174"}],"curies":[{"name":"wp","href":"https:\/\/api.w.org\/{rel}","templated":true}]}}