{"id":3180,"date":"2026-01-02T16:43:06","date_gmt":"2026-01-02T16:43:06","guid":{"rendered":"https:\/\/perlya-bijoux.com\/?post_type=product&#038;p=3180"},"modified":"2026-02-03T20:43:38","modified_gmt":"2026-02-03T20:43:38","slug":"collier-etreinte-de-perle","status":"publish","type":"product","link":"https:\/\/perlya-bijoux.com\/index.php\/product\/collier-etreinte-de-perle\/","title":{"rendered":"Collier Etreinte de perle"},"content":{"rendered":"<p>Le collier <em>\u00c9treinte de Perle<\/em> incarne la beaut\u00e9 de la simplicit\u00e9. Con\u00e7u \u00e0 la main, il se distingue par son design \u00e9pur\u00e9 et sa perle lumineuse d\u00e9licatement suspendue, symbole de puret\u00e9 et d\u2019amour sinc\u00e8re. Sa cha\u00eene dor\u00e9e vient enlacer le cou avec douceur, cr\u00e9ant une harmonie parfaite entre finesse et raffinement. Pens\u00e9 pour la mari\u00e9e, ce collier sublime la tenue sans la surcharger, laissant toute la place \u00e0 l\u2019\u00e9motion du moment. C\u2019est un bijou intemporel, charg\u00e9 de sens, qui accompagnera ce jour unique et pourra \u00eatre port\u00e9 bien au-del\u00e0 du mariage, comme un souvenir pr\u00e9cieux.<\/p>\n","protected":false},"excerpt":{"rendered":"<p>Le collier <em>\u00c9treinte de Perle<\/em> est une cr\u00e9ation minimaliste et raffin\u00e9e, id\u00e9ale pour la mari\u00e9e. Fait main, il apporte une touche de lumi\u00e8re subtile et met en valeur le d\u00e9collet\u00e9 avec \u00e9l\u00e9gance.<\/p>\n","protected":false},"featured_media":3181,"comment_status":"open","ping_status":"closed","template":"","meta":[],"product_brand":[],"product_cat":[53,93],"product_tag":[],"class_list":{"0":"post-3180","1":"product","2":"type-product","3":"status-publish","4":"has-post-thumbnail","6":"product_cat-bijoux-mariee","7":"product_cat-colliers-mariee","9":"first","10":"instock","11":"shipping-taxable","12":"purchasable","13":"product-type-simple"},"yoast_head":"<!-- This site is optimized with the Yoast SEO plugin v26.9 - https:\/\/yoast.com\/product\/yoast-seo-wordpress\/ -->\n<title>Collier Etreinte de perle - Perlya<\/title>\n<meta name=\"description\" content=\"Le collier \u00c9treinte de Perle est une cr\u00e9ation minimaliste et raffin\u00e9e, id\u00e9ale pour la mari\u00e9e. Fait main, il apporte une touche de lumi\u00e8re subtile et met en valeur le d\u00e9collet\u00e9 avec \u00e9l\u00e9gance. collier acier inoxydable durable\" \/>\n<meta name=\"robots\" content=\"index, follow, max-snippet:-1, max-image-preview:large, max-video-preview:-1\" \/>\n<link rel=\"canonical\" href=\"https:\/\/perlya-bijoux.com\/index.php\/product\/collier-etreinte-de-perle\/\" \/>\n<meta property=\"og:locale\" content=\"fr_FR\" \/>\n<meta property=\"og:type\" content=\"article\" \/>\n<meta property=\"og:title\" content=\"Collier Etreinte de perle - Perlya\" \/>\n<meta property=\"og:description\" content=\"Le collier \u00c9treinte de Perle est une cr\u00e9ation minimaliste et raffin\u00e9e, id\u00e9ale pour la mari\u00e9e. Fait main, il apporte une touche de lumi\u00e8re subtile et met en valeur le d\u00e9collet\u00e9 avec \u00e9l\u00e9gance. collier acier inoxydable durable\" \/>\n<meta property=\"og:url\" content=\"https:\/\/perlya-bijoux.com\/index.php\/product\/collier-etreinte-de-perle\/\" \/>\n<meta property=\"og:site_name\" content=\"Perlya\" \/>\n<meta property=\"article:modified_time\" content=\"2026-02-03T20:43:38+00:00\" \/>\n<meta property=\"og:image\" content=\"http:\/\/perlya-bijoux.com\/wp-content\/uploads\/2026\/01\/IMG_20251229_1228072-scaled.jpg\" \/>\n\t<meta property=\"og:image:width\" content=\"2560\" \/>\n\t<meta property=\"og:image:height\" content=\"2560\" \/>\n\t<meta property=\"og:image:type\" content=\"image\/jpeg\" \/>\n<meta name=\"twitter:card\" content=\"summary_large_image\" \/>\n<meta name=\"twitter:label1\" content=\"Dur\u00e9e de lecture estim\u00e9e\" \/>\n\t<meta name=\"twitter:data1\" content=\"1 minute\" \/>\n<script type=\"application\/ld+json\" class=\"yoast-schema-graph\">{\"@context\":\"https:\/\/schema.org\",\"@graph\":[{\"@type\":\"WebPage\",\"@id\":\"https:\/\/perlya-bijoux.com\/index.php\/product\/collier-etreinte-de-perle\/\",\"url\":\"https:\/\/perlya-bijoux.com\/index.php\/product\/collier-etreinte-de-perle\/\",\"name\":\"Collier Etreinte de perle - Perlya\",\"isPartOf\":{\"@id\":\"https:\/\/perlya-bijoux.com\/#website\"},\"primaryImageOfPage\":{\"@id\":\"https:\/\/perlya-bijoux.com\/index.php\/product\/collier-etreinte-de-perle\/#primaryimage\"},\"image\":{\"@id\":\"https:\/\/perlya-bijoux.com\/index.php\/product\/collier-etreinte-de-perle\/#primaryimage\"},\"thumbnailUrl\":\"https:\/\/perlya-bijoux.com\/wp-content\/uploads\/2026\/01\/IMG_20251229_1228072-scaled.jpg\",\"datePublished\":\"2026-01-02T16:43:06+00:00\",\"dateModified\":\"2026-02-03T20:43:38+00:00\",\"description\":\"Le collier \u00c9treinte de Perle est une cr\u00e9ation minimaliste et raffin\u00e9e, id\u00e9ale pour la mari\u00e9e. Fait main, il apporte une touche de lumi\u00e8re subtile et met en valeur le d\u00e9collet\u00e9 avec \u00e9l\u00e9gance. collier acier inoxydable durable\",\"breadcrumb\":{\"@id\":\"https:\/\/perlya-bijoux.com\/index.php\/product\/collier-etreinte-de-perle\/#breadcrumb\"},\"inLanguage\":\"fr-FR\",\"potentialAction\":[{\"@type\":\"ReadAction\",\"target\":[\"https:\/\/perlya-bijoux.com\/index.php\/product\/collier-etreinte-de-perle\/\"]}]},{\"@type\":\"ImageObject\",\"inLanguage\":\"fr-FR\",\"@id\":\"https:\/\/perlya-bijoux.com\/index.php\/product\/collier-etreinte-de-perle\/#primaryimage\",\"url\":\"https:\/\/perlya-bijoux.com\/wp-content\/uploads\/2026\/01\/IMG_20251229_1228072-scaled.jpg\",\"contentUrl\":\"https:\/\/perlya-bijoux.com\/wp-content\/uploads\/2026\/01\/IMG_20251229_1228072-scaled.jpg\",\"width\":2560,\"height\":2560},{\"@type\":\"BreadcrumbList\",\"@id\":\"https:\/\/perlya-bijoux.com\/index.php\/product\/collier-etreinte-de-perle\/#breadcrumb\",\"itemListElement\":[{\"@type\":\"ListItem\",\"position\":1,\"name\":\"Accueil\",\"item\":\"https:\/\/perlya-bijoux.com\/\"},{\"@type\":\"ListItem\",\"position\":2,\"name\":\"Boutique\",\"item\":\"https:\/\/perlya-bijoux.com\/index.php\/boutique\/\"},{\"@type\":\"ListItem\",\"position\":3,\"name\":\"Collier Etreinte de perle\"}]},{\"@type\":\"WebSite\",\"@id\":\"https:\/\/perlya-bijoux.com\/#website\",\"url\":\"https:\/\/perlya-bijoux.com\/\",\"name\":\"Perlya\",\"description\":\"\",\"potentialAction\":[{\"@type\":\"SearchAction\",\"target\":{\"@type\":\"EntryPoint\",\"urlTemplate\":\"https:\/\/perlya-bijoux.com\/?s={search_term_string}\"},\"query-input\":{\"@type\":\"PropertyValueSpecification\",\"valueRequired\":true,\"valueName\":\"search_term_string\"}}],\"inLanguage\":\"fr-FR\"}]}<\/script>\n<!-- \/ Yoast SEO plugin. -->","yoast_head_json":{"title":"Collier Etreinte de perle - Perlya","description":"Le collier \u00c9treinte de Perle est une cr\u00e9ation minimaliste et raffin\u00e9e, id\u00e9ale pour la mari\u00e9e. Fait main, il apporte une touche de lumi\u00e8re subtile et met en valeur le d\u00e9collet\u00e9 avec \u00e9l\u00e9gance. collier acier inoxydable durable","robots":{"index":"index","follow":"follow","max-snippet":"max-snippet:-1","max-image-preview":"max-image-preview:large","max-video-preview":"max-video-preview:-1"},"canonical":"https:\/\/perlya-bijoux.com\/index.php\/product\/collier-etreinte-de-perle\/","og_locale":"fr_FR","og_type":"article","og_title":"Collier Etreinte de perle - Perlya","og_description":"Le collier \u00c9treinte de Perle est une cr\u00e9ation minimaliste et raffin\u00e9e, id\u00e9ale pour la mari\u00e9e. Fait main, il apporte une touche de lumi\u00e8re subtile et met en valeur le d\u00e9collet\u00e9 avec \u00e9l\u00e9gance. collier acier inoxydable durable","og_url":"https:\/\/perlya-bijoux.com\/index.php\/product\/collier-etreinte-de-perle\/","og_site_name":"Perlya","article_modified_time":"2026-02-03T20:43:38+00:00","og_image":[{"width":2560,"height":2560,"url":"http:\/\/perlya-bijoux.com\/wp-content\/uploads\/2026\/01\/IMG_20251229_1228072-scaled.jpg","type":"image\/jpeg"}],"twitter_card":"summary_large_image","twitter_misc":{"Dur\u00e9e de lecture estim\u00e9e":"1 minute"},"schema":{"@context":"https:\/\/schema.org","@graph":[{"@type":"WebPage","@id":"https:\/\/perlya-bijoux.com\/index.php\/product\/collier-etreinte-de-perle\/","url":"https:\/\/perlya-bijoux.com\/index.php\/product\/collier-etreinte-de-perle\/","name":"Collier Etreinte de perle - Perlya","isPartOf":{"@id":"https:\/\/perlya-bijoux.com\/#website"},"primaryImageOfPage":{"@id":"https:\/\/perlya-bijoux.com\/index.php\/product\/collier-etreinte-de-perle\/#primaryimage"},"image":{"@id":"https:\/\/perlya-bijoux.com\/index.php\/product\/collier-etreinte-de-perle\/#primaryimage"},"thumbnailUrl":"https:\/\/perlya-bijoux.com\/wp-content\/uploads\/2026\/01\/IMG_20251229_1228072-scaled.jpg","datePublished":"2026-01-02T16:43:06+00:00","dateModified":"2026-02-03T20:43:38+00:00","description":"Le collier \u00c9treinte de Perle est une cr\u00e9ation minimaliste et raffin\u00e9e, id\u00e9ale pour la mari\u00e9e. Fait main, il apporte une touche de lumi\u00e8re subtile et met en valeur le d\u00e9collet\u00e9 avec \u00e9l\u00e9gance. collier acier inoxydable durable","breadcrumb":{"@id":"https:\/\/perlya-bijoux.com\/index.php\/product\/collier-etreinte-de-perle\/#breadcrumb"},"inLanguage":"fr-FR","potentialAction":[{"@type":"ReadAction","target":["https:\/\/perlya-bijoux.com\/index.php\/product\/collier-etreinte-de-perle\/"]}]},{"@type":"ImageObject","inLanguage":"fr-FR","@id":"https:\/\/perlya-bijoux.com\/index.php\/product\/collier-etreinte-de-perle\/#primaryimage","url":"https:\/\/perlya-bijoux.com\/wp-content\/uploads\/2026\/01\/IMG_20251229_1228072-scaled.jpg","contentUrl":"https:\/\/perlya-bijoux.com\/wp-content\/uploads\/2026\/01\/IMG_20251229_1228072-scaled.jpg","width":2560,"height":2560},{"@type":"BreadcrumbList","@id":"https:\/\/perlya-bijoux.com\/index.php\/product\/collier-etreinte-de-perle\/#breadcrumb","itemListElement":[{"@type":"ListItem","position":1,"name":"Accueil","item":"https:\/\/perlya-bijoux.com\/"},{"@type":"ListItem","position":2,"name":"Boutique","item":"https:\/\/perlya-bijoux.com\/index.php\/boutique\/"},{"@type":"ListItem","position":3,"name":"Collier Etreinte de perle"}]},{"@type":"WebSite","@id":"https:\/\/perlya-bijoux.com\/#website","url":"https:\/\/perlya-bijoux.com\/","name":"Perlya","description":"","potentialAction":[{"@type":"SearchAction","target":{"@type":"EntryPoint","urlTemplate":"https:\/\/perlya-bijoux.com\/?s={search_term_string}"},"query-input":{"@type":"PropertyValueSpecification","valueRequired":true,"valueName":"search_term_string"}}],"inLanguage":"fr-FR"}]}},"_links":{"self":[{"href":"https:\/\/perlya-bijoux.com\/index.php\/wp-json\/wp\/v2\/product\/3180","targetHints":{"allow":["GET"]}}],"collection":[{"href":"https:\/\/perlya-bijoux.com\/index.php\/wp-json\/wp\/v2\/product"}],"about":[{"href":"https:\/\/perlya-bijoux.com\/index.php\/wp-json\/wp\/v2\/types\/product"}],"replies":[{"embeddable":true,"href":"https:\/\/perlya-bijoux.com\/index.php\/wp-json\/wp\/v2\/comments?post=3180"}],"wp:featuredmedia":[{"embeddable":true,"href":"https:\/\/perlya-bijoux.com\/index.php\/wp-json\/wp\/v2\/media\/3181"}],"wp:attachment":[{"href":"https:\/\/perlya-bijoux.com\/index.php\/wp-json\/wp\/v2\/media?parent=3180"}],"wp:term":[{"taxonomy":"product_brand","embeddable":true,"href":"https:\/\/perlya-bijoux.com\/index.php\/wp-json\/wp\/v2\/product_brand?post=3180"},{"taxonomy":"product_cat","embeddable":true,"href":"https:\/\/perlya-bijoux.com\/index.php\/wp-json\/wp\/v2\/product_cat?post=3180"},{"taxonomy":"product_tag","embeddable":true,"href":"https:\/\/perlya-bijoux.com\/index.php\/wp-json\/wp\/v2\/product_tag?post=3180"}],"curies":[{"name":"wp","href":"https:\/\/api.w.org\/{rel}","templated":true}]}}